composite?
True
Is 1735807 composite?
False
Is 20263417 prime?
True
Is 9859669 composite?
False
Is 3323959 composite?
True
Is 64379933 prime?
True
Is 22376551 prime?
False
Is 595831 a prime number?
False
Is 11997523 a composite number?
False
Is 2048819 prime?
True
Is 2644613 prime?
True
Is 93811183 a prime number?
True
Is 163213649 a prime number?
True
Is 35214589 a prime number?
False
Is 24542521 a composite number?
False
Is 3836197 prime?
False
Is 3860083 composite?
False
Is 5135111 prime?
False
Is 1234631 composite?
True
Is 7602733 composite?
False
Is 15437179 prime?
False
Is 822817585 a composite number?
True
Is 457421681 a prime number?
True
Is 26405441 prime?
False
Is 21572549 prime?
False
Is 35714311 a composite number?
False
Is 5171563 a composite number?
True
Is 1179109 composite?
False
Is 433607 a prime number?
True
Is 17832173 prime?
True
Is 43968961 prime?
True
Is 16428571 a prime number?
False
Is 42924545 a composite number?
True
Is 169818359 a prime number?
False
Is 22984013 prime?
False
Is 187116827 composite?
False
Is 298813 composite?
True
Is 6319519 prime?
False
Is 987353 a prime number?
True
Is 390457 a composite number?
True
Is 843337 a prime number?
False
Is 123495263 a prime number?
False
Is 16836487 a composite number?
False
Is 63227341 composite?
False
Is 59518273 prime?
False
Is 59491031 a prime number?
True
Is 1440841 a composite number?
True
Is 4443823 a composite number?
True
Is 33411839 prime?
True
Is 10394977 a prime number?
True
Is 1494821 a composite number?
True
Is 57081931 a composite number?
True
Is 33197839 a prime number?
False
Is 830370505 a prime number?
False
Is 5383031 prime?
True
Is 3193963 prime?
False
Is 21838673 composite?
True
Is 79041741 prime?
False
Is 256109681 a prime number?
False
Is 4986619 composite?
True
Is 433570321 prime?
False
Is 95051701 a composite number?
False
Is 9872461 a composite number?
True
Is 153248077 a composite number?
False
Is 64847 prime?
False
Is 92482811 composite?
False
Is 11192021 a prime number?
True
Is 18030317 composite?
True
Is 11916577 prime?
True
Is 15532393 a prime number?
True
Is 53646433 a composite number?
True
Is 5907127 composite?
False
Is 60769403 composite?
False
Is 96271601 composite?
True
Is 114009146 composite?
True
Is 314735609 prime?
False
Is 1043006 a prime number?
False
Is 155922331 a composite number?
False
Is 54097 prime?
False
Is 5684369 a prime number?
False
Is 16422139 a prime number?
True
Is 52256179 prime?
True
Is 1968563 a prime number?
True
Is 101797415 a prime number?
False
Is 116060851 composite?
True
Is 80107057 a prime number?
False
Is 60827267 composite?
False
Is 1767499 a composite number?
False
Is 395905 a composite number?
True
Is 330873283 a composite number?
True
Is 217741439 a composite number?
False
Is 2351501 prime?
True
Is 172222 prime?
False
Is 71007977 composite?
True
Is 2574391 a composite number?
False
Is 99431561 a composite number?
False
Is 38920881 a composite number?
True
Is 249088159 composite?
True
Is 883769 composite?
True
Is 2955283 a prime number?
True
Is 2852771 composite?
False
Is 63707971 a prime number?
True
Is 5630777 a composite number?
False
Is 1205558239 prime?
True
Is 83404411 a composite number?
False
Is 840173 a prime number?
False
Is 7504349 a composite number?
True
Is 20617559 a composite number?
False
Is 84369187 composite?
True
Is 1013777 a prime number?
False
Is 99073283 a prime number?
True
Is 36511813 composite?
True
Is 251553009 prime?
False
Is 175549 a composite number?
True
Is 15467423 a prime number?
True
Is 6887233 a composite number?
True
Is 545761 composite?
True
Is 10888621 composite?
True
Is 1346529 a prime number?
False
Is 2400721 a prime number?
False
Is 6766579 composite?
False
Is 12949113 a composite number?
True
Is 1157222383 a prime number?
True
Is 6385679 composite?
True
Is 53095867 a composite number?
True
Is 13797701 composite?
False
Is 81631571 prime?
False
Is 135621757 a prime number?
True
Is 72697013 prime?
True
Is 336261 composite?
True
Is 16206503 prime?
False
Is 1495343 prime?
True
Is 5945953 a composite number?
True
Is 144859487 prime?
False
Is 212788013 a prime number?
False
Is 40069297 a prime number?
True
Is 34484057 a composite number?
False
Is 7675258 prime?
False
Is 6803 a composite number?
False
Is 79385755 a prime number?
False
Is 10238647 composite?
False
Is 3953147 a prime number?
False
Is 22862239 a composite number?
True
Is 13264813 composite?
True
Is 29056133 a prime number?
True
Is 37900657 a composite number?
True
Is 1098007195 composite?
True
Is 86168777 a prime number?
True
Is 81825619 a composite number?
False
Is 9535291 a composite number?
True
Is 9400319 prime?
False
Is 290278889 a composite number?
False
Is 940399 a composite number?
False
Is 9642839 a prime number?
True
Is 4736023 a prime number?
True
Is 1724267 prime?
False
Is 195257 a prime number?
False
Is 62993 prime?
False
Is 370985 prime?
False
Is 45841 composite?
False
Is 1289689 composite?
True
Is 8421727 a composite number?
False
Is 70450535 prime?
False
Is 1475489 a composite number?
False
Is 105255298 a composite number?
True
Is 2309093 a prime number?
False
Is 278620387 a prime number?
True
Is 1319833 a prime number?
False
Is 9914303 a prime number?
False
Is 187822379 a composite number?
False
Is 8497091 a prime number?
True
Is 2209409 composite?
False
Is 50220299 prime?
False
Is 110925467 a prime number?
True
Is 23879851 a prime number?
True
Is 209112479 composite?
False
Is 2367059 composite?
False
Is 1231301 a prime number?
True
Is 9460777 composite?
True
Is 11056405 composite?
True
Is 90374371 a prime number?
False
Is 1678730711 a prime number?
False
Is 217792849 a composite number?
True
Is 123175783 composite?
False
Is 17583473 a prime number?
False
Is 20031901 composite?
False
Is 53673695 a prime number?
False
Is 3634573 a composite number?
True
Is 26518561 prime?
False
Is 506923 a composite number?
True
Is 4453387 a composite number?
False
Is 50671 prime?
True
Is 83689527 prime?
False
Is 11514649 composite?
True
Is 2046481 a composite number?
True
Is 169590901 composite?
True
Is 5005885 a prime number?
False
Is 845423 composite?
True
Is 4181027 a prime number?
False
Is 12427139 prime?
True
Is 13386445 composite?
True
Is 457991 prime?
False
Is 25999147 composite?
True
Is 1510571 a prime number?
False
Is 2826757 composite?
False
Is 602827873 a prime number?
True
Is 15018959 a prime number?
False
Is 3111389 a prime number?
False
Is 2723317 a composite number?
False
Is 92752147 composite?
True
Is 2067665 prime?
False
Is 349291 prime?
True
Is 139121 a composite number?
False
Is 9795593 a composite number?
True
Is 1086119 prime?
True
Is 1650793 prime?
True
Is 8001605 a composite number?
True
Is 85606117 a prime number?
False
Is 1248817 a prime number?
False
Is 41248947 prime?
False
Is 3882523 prime?
True
Is 155183107 a composite number?
True
Is 549893 prime?
False
Is 16373303 composite?
True
Is 2389351 a prime number?
True
Is 1771909 a prime number?
False
Is 45465317 composite?
True
Is 192980939 composite?
False
Is 38080877 a prime number?
True
Is 37388621 prime?
True
Is 4824359 a prime number?
True
Is 12357635 composite?
True
Is 100651841 a prime number?
False
Is 19621533 a prime number?
False
Is 1009289 prime?
True
Is 358355399 composite?
False
Is 47985502 composite?
True
Is 584692243 a composite number?
False
Is 359659 prime?
False
Is 4938487 prime?
False
Is 3158033 composite?
False
Is 2153813 a prime number?
True
Is 21820619 a prime number?
False
Is 474511 a composite number?
True
Is 52162507 a composite number?
False
Is 2736791 composite?
True
Is 3657089 a composite number?
False
Is 1557637 prime?
True
Is 42251201 a composite number?
True
Is 1273346 a prime number?
False
Is 319741 a prime number?
False
Is 64118023 prime?
False
Is 499819 a composite number?
False
Is 9506527 prime?
True
Is 146628799 prime?
True
Is 4455257 composite?
True
Is 528151773 composite?
True
Is 293113271 a composite number?
True
Is 390783 a composite number?
True
Is 7510603 a composite number?
False
Is 19453529 composite?
False
Is 33732673 a composite number?
True
Is 14266547 a prime number?
False
Is 407274953 a prime number?
True
Is 1835117 composite?
False
Is 88403899 composite?
False
Is 18950747 a prim